{"id":120,"date":"2023-10-05T22:11:52","date_gmt":"2023-10-06T01:11:52","guid":{"rendered":"https:\/\/www.saudeindaial.sc.gov.br\/carta-servicos\/?page_id=120"},"modified":"2024-10-09T12:07:23","modified_gmt":"2024-10-09T15:07:23","slug":"planejamento-sexual-e-reprodutivo-planejamento-familiar","status":"publish","type":"page","link":"https:\/\/www.saudeindaial.sc.gov.br\/carta-servicos\/planejamento-sexual-e-reprodutivo-planejamento-familiar\/","title":{"rendered":"Planejamento Sexual e Reprodutivo \/ Planejamento Familiar"},"content":{"rendered":"<div class=\"wp-block-image\">\n<figure class=\"alignleft size-full is-resized\"><img loading=\"lazy\" decoding=\"async\" width=\"660\" height=\"495\" src=\"https:\/\/www.saudeindaial.sc.gov.br\/carta-servicos\/wp-content\/uploads\/2023\/10\/image.gif\" alt=\"\" class=\"wp-image-171\" style=\"aspect-ratio:1.3333333333333333;width:339px;height:auto\"\/><\/figure><\/div>\n\n\n<p>O planejamento sexual e reprodutivo \u00e9 condi\u00e7\u00e3o importante para a sa\u00fade das mulheres e homens, adolescentes, jovens e adultos. Todos os indiv\u00edduos t\u00eam o direito de decidir de forma livre e respons\u00e1vel se querem ou n\u00e3o ter filhos(as), quantos filhos(as) desejam ter e em que momento de suas vidas. Desta forma, todos t\u00eam direito \u00e0 aten\u00e7\u00e3o em planejamento reprodutivo ou planejamento familiar, ou seja, acesso aos m\u00e9todos e t\u00e9cnicas para a concep\u00e7\u00e3o e a anticoncep\u00e7\u00e3o, mas tamb\u00e9m a informa\u00e7\u00f5es e acompanhamento por um profissional de sa\u00fade, num contexto de escolha livre e informada. <\/p>\n\n\n\n<p>Os m\u00e9todos revers\u00edveis s\u00e3o aqueles que, como diz o nome, podem ser revertidos. Ou seja, quando a pessoa deixa de utiliz\u00e1-los, poder\u00e1 engravidar. J\u00e1 os m\u00e9todos irrevers\u00edveis, como a ligadura de trompas uterinas\/ laqueadura e a vasectomia, s\u00e3o aqueles que, ap\u00f3s utilizados, \u00e9 muito dif\u00edcil a pessoa recuperar a capacidade de engravidar. Por isso, para optarem por esses m\u00e9todos as pessoas precisam estar seguras de que n\u00e3o querem mais ter filhos.<\/p>\n\n\n<div class=\"wp-block-image\">\n<figure class=\"alignright size-large is-resized\"><img loading=\"lazy\" decoding=\"async\" width=\"1024\" height=\"1024\" src=\"https:\/\/www.saudeindaial.sc.gov.br\/carta-servicos\/wp-content\/uploads\/2023\/10\/2147725-fofo-preservativo-mascote-pede-para-ser-usado-vetor-1024x1024.jpg\" alt=\"\" class=\"wp-image-174\" style=\"aspect-ratio:1;width:144px;height:auto\" srcset=\"https:\/\/www.saudeindaial.sc.gov.br\/carta-servicos\/wp-content\/uploads\/2023\/10\/2147725-fofo-preservativo-mascote-pede-para-ser-usado-vetor-1024x1024.jpg 1024w, https:\/\/www.saudeindaial.sc.gov.br\/carta-servicos\/wp-content\/uploads\/2023\/10\/2147725-fofo-preservativo-mascote-pede-para-ser-usado-vetor-300x300.jpg 300w, https:\/\/www.saudeindaial.sc.gov.br\/carta-servicos\/wp-content\/uploads\/2023\/10\/2147725-fofo-preservativo-mascote-pede-para-ser-usado-vetor-150x150.jpg 150w, https:\/\/www.saudeindaial.sc.gov.br\/carta-servicos\/wp-content\/uploads\/2023\/10\/2147725-fofo-preservativo-mascote-pede-para-ser-usado-vetor-768x768.jpg 768w, https:\/\/www.saudeindaial.sc.gov.br\/carta-servicos\/wp-content\/uploads\/2023\/10\/2147725-fofo-preservativo-mascote-pede-para-ser-usado-vetor-1536x1536.jpg 1536w, https:\/\/www.saudeindaial.sc.gov.br\/carta-servicos\/wp-content\/uploads\/2023\/10\/2147725-fofo-preservativo-mascote-pede-para-ser-usado-vetor-210x210.jpg 210w, https:\/\/www.saudeindaial.sc.gov.br\/carta-servicos\/wp-content\/uploads\/2023\/10\/2147725-fofo-preservativo-mascote-pede-para-ser-usado-vetor.jpg 1920w\" sizes=\"auto, (max-width: 980px) 100vw, 980px\" \/><\/figure><\/div>\n\n\n<p>\u00c9 importante lembrar que dentre todos os m\u00e9todos contraceptivos, <strong>os preservativos feminino e masculino s\u00e3o os \u00fanicos que oferecem prote\u00e7\u00e3o contra doen\u00e7as sexualmente transmiss\u00edveis<\/strong>, inclusive o HIV\/aids e as hepatites virais.<\/p>\n\n\n\n<p>Atualmente, o Sistema \u00danico de Sa\u00fade (SUS) oferta de maneira gratuita nove m\u00e9todos contraceptivos. S\u00e3o eles:&nbsp;<\/p>\n\n\n\n<ol class=\"wp-block-list\">\n<li>Anticoncepcional injet\u00e1vel mensal;<\/li>\n\n\n\n<li>Anticoncepcional injet\u00e1vel trimestral;&nbsp;<\/li>\n\n\n\n<li>Minip\u00edlula;&nbsp;<\/li>\n\n\n\n<li>P\u00edlula combinada;&nbsp;<\/li>\n\n\n\n<li>P\u00edlula anticoncepcional de emerg\u00eancia (ou p\u00edlula do dia seguinte);&nbsp;<\/li>\n\n\n\n<li>Diafragma;&nbsp;<\/li>\n\n\n\n<li>Dispositivo Intrauterino (DIU) de cobre;&nbsp;<\/li>\n\n\n\n<li>Preservativo feminino e<\/li>\n\n\n\n<li>Preservativo masculino.&nbsp;<\/li>\n<\/ol>\n\n\n\n<p>Que tal conhecer um pouco mais sobre cada m\u00e9todo? Click no bot\u00e3o abaixo:&nbsp;<\/p>\n\n\n\n<div class=\"wp-block-buttons is-content-justification-center is-layout-flex wp-container-core-buttons-is-layout-1 wp-block-buttons-is-layout-flex\">\n<div class=\"wp-block-button is-style-fill\"><a class=\"wp-block-button__link wp-element-button\" href=\"https:\/\/www.saudeindaial.sc.gov.br\/carta-servicos\/122-2\/\">m\u00e9todos contraceptivos<\/a><\/div>\n<\/div>\n\n\n\n<p>Estes m\u00e9todos contraceptivos est\u00e3o acess\u00edveis a todos os usu\u00e1rios do SUS e na sua unidade de sa\u00fade voc\u00ea poder\u00e1 definir durante uma consulta com seu m\u00e9dico ou enfermeiro qual o m\u00e9todo mais adequado no seu caso.&nbsp;A lista dos medicamentos dispon\u00edveis em Indaial pode ser acessada atrav\u00e9s do Link identificado como \u201cREMUME\u201d no menu anterior.<\/p>\n\n\n\n<p><br>No caso do DIU de cobre, ap\u00f3s a consulta e a indica\u00e7\u00e3o deste m\u00e9todo, o procedimento poder\u00e1 ser agendado na sua unidade (quando houver profissional habilitado para inser\u00e7\u00e3o) ou ainda agendado via SISREG para inser\u00e7\u00e3o no SAIS &#8211; Servi\u00e7o de Atendimento Integral \u00e0 Sa\u00fade.<\/p>\n\n\n\n<p>Quanto aos m\u00e9todos irrevers\u00edveis ou cir\u00fargicos o SUS oferta a laqueadura que \u00e9 uma interven\u00e7\u00e3o cir\u00fargica feita na mulher, e a vasectomia que \u00e9 uma cirurgia feita no homem. Ambas t\u00eam o objetivo de evitar uma gravidez. A laqueadura faz uma obstru\u00e7\u00e3o das tubas uterinas, impedindo o processo de fecunda\u00e7\u00e3o, enquanto que a vasectomia interrompe a circula\u00e7\u00e3o dos espermatozoides produzidos, que passam a n\u00e3o chegar na uretra. O SUS n\u00e3o oferta a cirurgia de revers\u00e3o do procedimento.<\/p>\n\n\n\n<p>Interessados em fazer laqueadura ou vasectomia pelo SUS devem procurar sua Unidade B\u00e1sica de Sa\u00fade de refer\u00eancia e expressar seu interesse pelo m\u00e9todo cir\u00fargico. Por lei existem crit\u00e9rios para que o paciente seja eleg\u00edvel para a cirurgia. <strong>A Lei Federal 14.443 sancionada em 02\/09\/2022, regulamenta que se observem os seguintes crit\u00e9rios:<\/strong><\/p>\n\n\n\n<p><em>a) Ter capacidade civil plena;<br>b) Maiores de 21 anos de idade; OU, no m\u00ednimo dois filhos vivos;<br>c) Prazo m\u00ednimo de 60 dias entre a manifesta\u00e7\u00e3o de vontade e realiza\u00e7\u00e3o do ato cir\u00fargico.<\/em><\/p>\n\n\n\n<p class=\"has-small-font-size\">Para saber quais s\u00e3o os documentos necess\u00e1rios para dar entrada no processo: <a href=\"http:\/\/saudeindaial.sc.gov.br\/carta-servicos\/wp-content\/uploads\/2023\/10\/ORIENTACOES-PARA-REALIZACAO-DE-LAQUEADURA-VASECTOMIA.pdf\" target=\"_blank\" rel=\"noreferrer noopener\"><img loading=\"lazy\" decoding=\"async\" width=\"150\" height=\"77\" class=\"wp-image-716\" style=\"width: 150px;\" src=\"https:\/\/www.saudeindaial.sc.gov.br\/carta-servicos\/wp-content\/uploads\/2023\/12\/acc39d_19800cdac5494141a5814bc4ff7e9a11_mv2-1.gif\" alt=\"\"><\/a><\/p>\n\n\n\n<p><\/p>\n\n\n\n<p><\/p>\n\n\n\n<p><\/p>\n\n\n\n<div class=\"wp-block-buttons is-content-justification-right is-layout-flex wp-container-core-buttons-is-layout-2 wp-block-buttons-is-layout-flex\">\n<div class=\"wp-block-button is-style-fill\"><a class=\"wp-block-button__link wp-element-button\" href=\"https:\/\/www.saudeindaial.sc.gov.br\/carta-servicos\/servicos-ofertados\/\">Voltar<\/a><\/div>\n<\/div>\n","protected":false},"excerpt":{"rendered":"<p>O planejamento sexual e reprodutivo \u00e9 condi\u00e7\u00e3o importante para a sa\u00fade das mulheres e homens, adolescentes, jovens e adultos. Todos os indiv\u00edduos t\u00eam o direito de decidir de forma livre e respons\u00e1vel se querem ou n\u00e3o ter filhos(as), quantos filhos(as) desejam ter e em que momento de suas vidas. Desta forma, todos t\u00eam direito \u00e0 [&hellip;]<\/p>\n","protected":false},"author":1,"featured_media":0,"parent":0,"menu_order":0,"comment_status":"closed","ping_status":"closed","template":"","meta":{"footnotes":""},"class_list":["post-120","page","type-page","status-publish","hentry"],"_links":{"self":[{"href":"https:\/\/www.saudeindaial.sc.gov.br\/carta-servicos\/wp-json\/wp\/v2\/pages\/120","targetHints":{"allow":["GET"]}}],"collection":[{"href":"https:\/\/www.saudeindaial.sc.gov.br\/carta-servicos\/wp-json\/wp\/v2\/pages"}],"about":[{"href":"https:\/\/www.saudeindaial.sc.gov.br\/carta-servicos\/wp-json\/wp\/v2\/types\/page"}],"author":[{"embeddable":true,"href":"https:\/\/www.saudeindaial.sc.gov.br\/carta-servicos\/wp-json\/wp\/v2\/users\/1"}],"replies":[{"embeddable":true,"href":"https:\/\/www.saudeindaial.sc.gov.br\/carta-servicos\/wp-json\/wp\/v2\/comments?post=120"}],"version-history":[{"count":13,"href":"https:\/\/www.saudeindaial.sc.gov.br\/carta-servicos\/wp-json\/wp\/v2\/pages\/120\/revisions"}],"predecessor-version":[{"id":949,"href":"https:\/\/www.saudeindaial.sc.gov.br\/carta-servicos\/wp-json\/wp\/v2\/pages\/120\/revisions\/949"}],"wp:attachment":[{"href":"https:\/\/www.saudeindaial.sc.gov.br\/carta-servicos\/wp-json\/wp\/v2\/media?parent=120"}],"curies":[{"name":"wp","href":"https:\/\/api.w.org\/{rel}","templated":true}]}}