{"id":122,"date":"2023-10-05T22:12:13","date_gmt":"2023-10-06T01:12:13","guid":{"rendered":"https:\/\/www.saudeindaial.sc.gov.br\/carta-servicos\/?page_id=122"},"modified":"2024-10-09T12:07:48","modified_gmt":"2024-10-09T15:07:48","slug":"122-2","status":"publish","type":"page","link":"https:\/\/www.saudeindaial.sc.gov.br\/carta-servicos\/122-2\/","title":{"rendered":"M\u00e9todos Contraceptivos"},"content":{"rendered":"<div class=\"wp-block-image\">\n<figure class=\"aligncenter size-large is-resized\"><img loading=\"lazy\" decoding=\"async\" width=\"1024\" height=\"646\" src=\"https:\/\/www.saudeindaial.sc.gov.br\/carta-servicos\/wp-content\/uploads\/2023\/10\/metodos-sus-1024x646.jpg\" alt=\"\" class=\"wp-image-167\" style=\"aspect-ratio:1.585139318885449;width:548px;height:auto\" srcset=\"https:\/\/www.saudeindaial.sc.gov.br\/carta-servicos\/wp-content\/uploads\/2023\/10\/metodos-sus-1024x646.jpg 1024w, https:\/\/www.saudeindaial.sc.gov.br\/carta-servicos\/wp-content\/uploads\/2023\/10\/metodos-sus-300x189.jpg 300w, https:\/\/www.saudeindaial.sc.gov.br\/carta-servicos\/wp-content\/uploads\/2023\/10\/metodos-sus-768x484.jpg 768w, https:\/\/www.saudeindaial.sc.gov.br\/carta-servicos\/wp-content\/uploads\/2023\/10\/metodos-sus-1536x969.jpg 1536w, https:\/\/www.saudeindaial.sc.gov.br\/carta-servicos\/wp-content\/uploads\/2023\/10\/metodos-sus-210x132.jpg 210w, https:\/\/www.saudeindaial.sc.gov.br\/carta-servicos\/wp-content\/uploads\/2023\/10\/metodos-sus-1960x1236.jpg 1960w\" sizes=\"auto, (max-width: 980px) 100vw, 980px\" \/><\/figure><\/div>\n\n\n<p><strong><mark style=\"background-color:rgba(0, 0, 0, 0)\" class=\"has-inline-color has-vivid-red-color\">Diafragma e Camisinha<\/mark><\/strong><\/p>\n\n\n\n<p>O diafragma n\u00e3o \u00e9 muito conhecido. Por ser considerado um m\u00e9todo de barreira, ele se assemelha a camisinha masculina e feminina, exceto pelo fato de que n\u00e3o previne Infec\u00e7\u00f5es Sexualmente Transmiss\u00edveis (IST).<\/p>\n\n\n\n<p>N\u00e3o h\u00e1 nenhum tipo de efeito colateral, nem contra indica\u00e7\u00f5es. Al\u00e9m disso, \u00e9 uma op\u00e7\u00e3o para quem n\u00e3o se adaptou ou n\u00e3o gostou de m\u00e9todos hormonais. Se a mulher optar por usar este m\u00e9todo, a consulta com o profissional \u00e9 essencial, pois as mulheres s\u00e3o diferentes, e existem diversos tamanhos de diafragma. Este m\u00e9todo tamb\u00e9m pode ser usado combinado com um preservativo.<\/p>\n\n\n\n<p>J\u00e1 a camisinha masculina e feminina \u00e9 distribu\u00edda em Unidades B\u00e1sicas de Sa\u00fade (UBS) para qualquer pessoa e em qualquer momento. O preservativo \u00e9 o \u00fanico m\u00e9todo capaz de prevenir IST, como HIV e Hepatite C, mas o masculino e o feminino nunca devem ser usados ao mesmo tempo, porque o atrito entre elas aumenta o risco de rompimento.<\/p>\n\n\n\n<p><strong><mark style=\"background-color:rgba(0, 0, 0, 0)\" class=\"has-inline-color has-luminous-vivid-amber-color\">P\u00edlula anticoncepcional e inje\u00e7\u00e3o combinada<\/mark><\/strong><\/p>\n\n\n\n<p>A p\u00edlula ofertada pelo SUS deve ser tomada por 21 dias sem interrup\u00e7\u00f5es e sempre no mesmo hor\u00e1rio. Depois que os comprimidos acabam se faz uma pausa de sete dias e come\u00e7a uma nova cartela da mesma maneira. Este tipo de p\u00edlula cont\u00e9m dois horm\u00f4nios produzidos pelos ov\u00e1rios: o estrog\u00eanio e a progesterona.<\/p>\n\n\n\n<p>Podem ser usadas por quase todas as mulheres com seguran\u00e7a e efic\u00e1cia, mas alguns fatores de risco devem ser observados antes de iniciar o uso. Pode ser utilizada desde a primeira menstrua\u00e7\u00e3o.<\/p>\n\n\n\n<p>Um alerta importante, \u00e9 que este tipo de medica\u00e7\u00e3o deve ser usado para prevenir uma gravidez, e s\u00f3 servir como regulador menstrual, ou evitar espinhas, por exemplo, com avalia\u00e7\u00e3o e indica\u00e7\u00e3o criteriosa.<\/p>\n\n\n\n<p>A p\u00edlula tamb\u00e9m n\u00e3o \u00e9 o melhor m\u00e9todo para todas as mulheres e, por isso, n\u00e3o deve ser considerada sempre como a primeira op\u00e7\u00e3o.<\/p>\n\n\n\n<p>A medica\u00e7\u00e3o injet\u00e1vel funciona quase da mesma forma, mas \u00e9 aplicada de forma mensal, que pode ser usada desde a primeira menstrua\u00e7\u00e3o, ou trimestral, recomendada a partir dos 16 anos. Ela \u00e9 aplicada por um profissional de sa\u00fade.<\/p>\n\n\n\n<p><strong><mark style=\"background-color:rgba(0, 0, 0, 0)\" class=\"has-inline-color has-vivid-red-color\">Minip\u00edlula e p\u00edlula de emerg\u00eancia<\/mark><\/strong><\/p>\n\n\n\n<p>A p\u00edlula anticoncepcional chamada de minip\u00edlula possui apenas um tipo de horm\u00f4nio: a progesterona. Por possuir uma quantidade pequena desses horm\u00f4nios, o uso cont\u00ednuo sempre no mesmo hor\u00e1rio, todos os dias, se faz ainda mais essencial. H\u00e1 restri\u00e7\u00e3o no uso para meninas menores de 16 anos, e \u00e9 mais indicada durante a amamenta\u00e7\u00e3o, iniciando o seu uso na 6\u00aa semana ap\u00f3s o parto.<\/p>\n\n\n\n<p>J\u00e1 a contracep\u00e7\u00e3o de emerg\u00eancia, ou \u201cp\u00edlula do dia seguinte\u201d, como \u00e9 conhecida popularmente, n\u00e3o deve ser usada como m\u00e9todo regular, somente em casos como: falha do preservativo, falha em rela\u00e7\u00e3o ao uso de algum outro m\u00e9todo, ocorrer rela\u00e7\u00f5es sexuais sem uso de m\u00e9todo anticoncepcional, e por v\u00edtimas de viol\u00eancia sexual.<\/p>\n\n\n\n<p>A efic\u00e1cia maior se d\u00e1 em at\u00e9 72 horas, mas ela pode ser utilizada at\u00e9 cinco dias depois da rela\u00e7\u00e3o desprotegida. Ela s\u00f3 tem efeito se a fecunda\u00e7\u00e3o ainda n\u00e3o tiver ocorrido. Se a mulher j\u00e1 estiver gr\u00e1vida, a p\u00edlula n\u00e3o tem efeito abortivo.<\/p>\n\n\n\n<p><strong><mark style=\"background-color:rgba(0, 0, 0, 0)\" class=\"has-inline-color has-luminous-vivid-amber-color\">Dispositivo Intra Uterino (DIU)<\/mark><\/strong><\/p>\n\n\n\n<p>O DIU de cobre \u00e9 considerado um m\u00e9todo eficaz e de longa dura\u00e7\u00e3o, visto que previne a gravidez por at\u00e9 10 anos depois de inserido na mulher. Tamb\u00e9m \u00e9 revers\u00edvel, pois assim que a mulher retirar o dispositivo, j\u00e1 est\u00e1 apta a engravidar novamente.<\/p>\n\n\n\n<p>Pode ser usado por quase todas as mulheres, desde adolescentes que ainda n\u00e3o possuem filhos e at\u00e9 mulheres mais velhas, com exce\u00e7\u00e3o de poucas restri\u00e7\u00f5es, como malforma\u00e7\u00f5es uterinas ou miomas intracavit\u00e1rios.<\/p>\n\n\n\n<p>Entre os mitos que cercam este m\u00e9todo est\u00e3o o desenvolvimento de infec\u00e7\u00f5es e c\u00e2nceres, o que j\u00e1 se sabe que n\u00e3o \u00e9 verdade.<\/p>\n\n\n\n<p><em>Fonte: Blog da Sa\u00fade do Minist\u00e9rio da Sa\u00fade<\/em><\/p>\n\n\n\n<div class=\"wp-block-buttons is-content-justification-right is-layout-flex wp-container-core-buttons-is-layout-1 wp-block-buttons-is-layout-flex\">\n<div class=\"wp-block-button is-style-fill\"><a class=\"wp-block-button__link wp-element-button\" href=\"https:\/\/www.saudeindaial.sc.gov.br\/carta-servicos\/planejamento-sexual-e-reprodutivo-planejamento-familiar\/\">voltar<\/a><\/div>\n<\/div>\n\n\n\n<p><\/p>\n","protected":false},"excerpt":{"rendered":"<p>Diafragma e Camisinha O diafragma n\u00e3o \u00e9 muito conhecido. Por ser considerado um m\u00e9todo de barreira, ele se assemelha a camisinha masculina e feminina, exceto pelo fato de que n\u00e3o previne Infec\u00e7\u00f5es Sexualmente Transmiss\u00edveis (IST). N\u00e3o h\u00e1 nenhum tipo de efeito colateral, nem contra indica\u00e7\u00f5es. Al\u00e9m disso, \u00e9 uma op\u00e7\u00e3o para quem n\u00e3o se adaptou [&hellip;]<\/p>\n","protected":false},"author":1,"featured_media":0,"parent":0,"menu_order":0,"comment_status":"closed","ping_status":"closed","template":"","meta":{"footnotes":""},"class_list":["post-122","page","type-page","status-publish","hentry"],"_links":{"self":[{"href":"https:\/\/www.saudeindaial.sc.gov.br\/carta-servicos\/wp-json\/wp\/v2\/pages\/122","targetHints":{"allow":["GET"]}}],"collection":[{"href":"https:\/\/www.saudeindaial.sc.gov.br\/carta-servicos\/wp-json\/wp\/v2\/pages"}],"about":[{"href":"https:\/\/www.saudeindaial.sc.gov.br\/carta-servicos\/wp-json\/wp\/v2\/types\/page"}],"author":[{"embeddable":true,"href":"https:\/\/www.saudeindaial.sc.gov.br\/carta-servicos\/wp-json\/wp\/v2\/users\/1"}],"replies":[{"embeddable":true,"href":"https:\/\/www.saudeindaial.sc.gov.br\/carta-servicos\/wp-json\/wp\/v2\/comments?post=122"}],"version-history":[{"count":6,"href":"https:\/\/www.saudeindaial.sc.gov.br\/carta-servicos\/wp-json\/wp\/v2\/pages\/122\/revisions"}],"predecessor-version":[{"id":951,"href":"https:\/\/www.saudeindaial.sc.gov.br\/carta-servicos\/wp-json\/wp\/v2\/pages\/122\/revisions\/951"}],"wp:attachment":[{"href":"https:\/\/www.saudeindaial.sc.gov.br\/carta-servicos\/wp-json\/wp\/v2\/media?parent=122"}],"curies":[{"name":"wp","href":"https:\/\/api.w.org\/{rel}","templated":true}]}}