{"id":517,"date":"2023-11-21T21:46:27","date_gmt":"2023-11-22T00:46:27","guid":{"rendered":"https:\/\/www.saudeindaial.sc.gov.br\/carta-servicos\/?page_id=517"},"modified":"2024-10-11T09:39:39","modified_gmt":"2024-10-11T12:39:39","slug":"afinal-o-que-e-uma-carta-de-servicos","status":"publish","type":"page","link":"https:\/\/www.saudeindaial.sc.gov.br\/carta-servicos\/","title":{"rendered":"Afinal, o que \u00e9 uma carta de servi\u00e7os?"},"content":{"rendered":"<div class=\"wp-block-image\">\n<figure class=\"alignleft size-full is-resized\"><img loading=\"lazy\" decoding=\"async\" width=\"768\" height=\"432\" src=\"https:\/\/www.saudeindaial.sc.gov.br\/carta-servicos\/wp-content\/uploads\/2023\/11\/health-2082630_1280-768x432-3.jpg\" alt=\"\" class=\"wp-image-529\" style=\"aspect-ratio:1.7777777777777777;width:523px;height:auto\" srcset=\"https:\/\/www.saudeindaial.sc.gov.br\/carta-servicos\/wp-content\/uploads\/2023\/11\/health-2082630_1280-768x432-3.jpg 768w, https:\/\/www.saudeindaial.sc.gov.br\/carta-servicos\/wp-content\/uploads\/2023\/11\/health-2082630_1280-768x432-3-300x169.jpg 300w, https:\/\/www.saudeindaial.sc.gov.br\/carta-servicos\/wp-content\/uploads\/2023\/11\/health-2082630_1280-768x432-3-210x118.jpg 210w\" sizes=\"auto, (max-width: 768px) 100vw, 768px\" \/><\/figure><\/div>\n\n\n<p class=\"has-text-align-left\">A Carta de Servi\u00e7os tem por objetivo informar os cidad\u00e3os sobre quais os servi\u00e7os prestados pelas unidades e setores da Secretaria Municipal de Sa\u00fade, desde os setores administrativos at\u00e9 os assistenciais. Objetiva tamb\u00e9m mostrar parte dos servi\u00e7os at\u00e9 ent\u00e3o pouco conhecidos pelo usu\u00e1rio, assim como, informar sobre como acessar e obter esses servi\u00e7os e quais s\u00e3o os compromissos de atendimento estabelecidos. A partir desta ferramenta, a Carta de Servi\u00e7os se apresenta como instrumento <strong>educativo e elucidativo.<\/strong><br><\/p>\n\n\n\n<p class=\"has-text-align-left\"><\/p>\n\n\n<div class=\"wp-block-image\">\n<figure class=\"alignright size-full is-resized\"><img loading=\"lazy\" decoding=\"async\" width=\"487\" height=\"512\" src=\"https:\/\/www.saudeindaial.sc.gov.br\/carta-servicos\/wp-content\/uploads\/2024\/10\/seta-removebg-preview.png\" alt=\"\" class=\"wp-image-1003\" style=\"width:149px;height:auto\" srcset=\"https:\/\/www.saudeindaial.sc.gov.br\/carta-servicos\/wp-content\/uploads\/2024\/10\/seta-removebg-preview.png 487w, https:\/\/www.saudeindaial.sc.gov.br\/carta-servicos\/wp-content\/uploads\/2024\/10\/seta-removebg-preview-285x300.png 285w, https:\/\/www.saudeindaial.sc.gov.br\/carta-servicos\/wp-content\/uploads\/2024\/10\/seta-removebg-preview-200x210.png 200w\" sizes=\"auto, (max-width: 487px) 100vw, 487px\" \/><\/figure><\/div>\n\n\n<p class=\"has-text-align-left\"><br>Esperamos que essa Carta ajude a esclarecer suas d\u00favidas e que voc\u00ea encontre aqui as informa\u00e7\u00f5es que precisa. <strong>Para navegar e conhecer os servi\u00e7os utilize o menu no canto superior da p\u00e1gina.<\/strong><\/p>\n\n\n\n<p><\/p>\n\n\n\n<p><\/p>\n\n\n\n<p>Juntos constru\u00edmos um SUS cada vez melhor! \u00c9 a Sa\u00fade de Indaial Mais Perto de Voc\u00ea! <\/p>\n\n\n\n<p class=\"has-text-align-left\"><\/p>\n\n\n\n<p><\/p>\n","protected":false},"excerpt":{"rendered":"<p>A Carta de Servi\u00e7os tem por objetivo informar os cidad\u00e3os sobre quais os servi\u00e7os prestados pelas unidades e setores da Secretaria Municipal de Sa\u00fade, desde os setores administrativos at\u00e9 os assistenciais. Objetiva tamb\u00e9m mostrar parte dos servi\u00e7os at\u00e9 ent\u00e3o pouco conhecidos pelo usu\u00e1rio, assim como, informar sobre como acessar e obter esses servi\u00e7os e quais [&hellip;]<\/p>\n","protected":false},"author":2,"featured_media":0,"parent":0,"menu_order":0,"comment_status":"closed","ping_status":"closed","template":"","meta":{"footnotes":""},"class_list":["post-517","page","type-page","status-publish","hentry"],"_links":{"self":[{"href":"https:\/\/www.saudeindaial.sc.gov.br\/carta-servicos\/wp-json\/wp\/v2\/pages\/517","targetHints":{"allow":["GET"]}}],"collection":[{"href":"https:\/\/www.saudeindaial.sc.gov.br\/carta-servicos\/wp-json\/wp\/v2\/pages"}],"about":[{"href":"https:\/\/www.saudeindaial.sc.gov.br\/carta-servicos\/wp-json\/wp\/v2\/types\/page"}],"author":[{"embeddable":true,"href":"https:\/\/www.saudeindaial.sc.gov.br\/carta-servicos\/wp-json\/wp\/v2\/users\/2"}],"replies":[{"embeddable":true,"href":"https:\/\/www.saudeindaial.sc.gov.br\/carta-servicos\/wp-json\/wp\/v2\/comments?post=517"}],"version-history":[{"count":14,"href":"https:\/\/www.saudeindaial.sc.gov.br\/carta-servicos\/wp-json\/wp\/v2\/pages\/517\/revisions"}],"predecessor-version":[{"id":1004,"href":"https:\/\/www.saudeindaial.sc.gov.br\/carta-servicos\/wp-json\/wp\/v2\/pages\/517\/revisions\/1004"}],"wp:attachment":[{"href":"https:\/\/www.saudeindaial.sc.gov.br\/carta-servicos\/wp-json\/wp\/v2\/media?parent=517"}],"curies":[{"name":"wp","href":"https:\/\/api.w.org\/{rel}","templated":true}]}}