{"id":570,"date":"2023-12-10T22:54:50","date_gmt":"2023-12-11T01:54:50","guid":{"rendered":"https:\/\/www.saudeindaial.sc.gov.br\/carta-servicos\/?page_id=570"},"modified":"2023-12-10T22:59:11","modified_gmt":"2023-12-11T01:59:11","slug":"cbaf-componente-basico-da-assistencia-farmaceutica","status":"publish","type":"page","link":"https:\/\/www.saudeindaial.sc.gov.br\/carta-servicos\/cbaf-componente-basico-da-assistencia-farmaceutica\/","title":{"rendered":"CBAF &#8211; Componente B\u00e1sico da Assist\u00eancia Farmac\u00eautica"},"content":{"rendered":"<div class=\"wp-block-image is-style-rounded\">\n<figure class=\"alignleft size-full is-resized\"><img loading=\"lazy\" decoding=\"async\" width=\"483\" height=\"599\" src=\"https:\/\/www.saudeindaial.sc.gov.br\/carta-servicos\/wp-content\/uploads\/2023\/12\/Acesso_Ass_Farma_SUS_8.png\" alt=\"\" class=\"wp-image-571\" style=\"width:278px;height:auto\" srcset=\"https:\/\/www.saudeindaial.sc.gov.br\/carta-servicos\/wp-content\/uploads\/2023\/12\/Acesso_Ass_Farma_SUS_8.png 483w, https:\/\/www.saudeindaial.sc.gov.br\/carta-servicos\/wp-content\/uploads\/2023\/12\/Acesso_Ass_Farma_SUS_8-242x300.png 242w, https:\/\/www.saudeindaial.sc.gov.br\/carta-servicos\/wp-content\/uploads\/2023\/12\/Acesso_Ass_Farma_SUS_8-169x210.png 169w\" sizes=\"auto, (max-width: 483px) 100vw, 483px\" \/><\/figure><\/div>\n\n\n<p>O CBAF \u00e9 o componente da AF que promove ao cidad\u00e3o acesso a medicamentos e insumos para o tratamento dos principais problemas de sa\u00fade e programas da Aten\u00e7\u00e3o Prim\u00e1ria \u00e0 Sa\u00fade (APS). No munic\u00edpio de Indaial o acesso a esses medicamentos se d\u00e1 atrav\u00e9s da Central de Assist\u00eancia Farmac\u00eautica e nas farm\u00e1cias das unidades b\u00e1sicas de sa\u00fade.<br>A Rename \u00e9 um documento norteador para orientar e subsidiar os estados e munic\u00edpios na elabora\u00e7\u00e3o das suas respectivas rela\u00e7\u00f5es de medicamentos \u2013 Rela\u00e7\u00e3o Estadual de Medicamentos Essenciais (Resme) e Rela\u00e7\u00e3o Municipal de Medicamentos Essenciais (Remume), a partir das necessidades decorrentes do perfil epidemiol\u00f3gico da popula\u00e7\u00e3o e das peculiaridades locais. A Rename elenca medicamentos destinados a atender \u00e0s necessidades de sa\u00fade priorit\u00e1rias da popula\u00e7\u00e3o brasileira, e constitui uma ferramenta da pol\u00edtica p\u00fablica capaz de garantir a padroniza\u00e7\u00e3o e oferta de medicamentos no SUS, bem como promover o uso racional de medicamentos. A Remume de Indaial possui mais de 150 medicamentos padronizados e pode ser consultado <a href=\"https:\/\/www.saudeindaial.sc.gov.br\/carta-servicos\/wp-content\/uploads\/2023\/11\/REMUME.pdf\"><strong>A<\/strong><\/a><a href=\"https:\/\/www.saudeindaial.sc.gov.br\/carta-servicos\/wp-content\/uploads\/2023\/11\/REMUME.pdf\" target=\"_blank\" rel=\"noreferrer noopener\"><strong>QUI<\/strong>.<\/a><\/p>\n\n\n\n<div class=\"wp-block-buttons is-content-justification-right is-layout-flex wp-container-core-buttons-is-layout-1 wp-block-buttons-is-layout-flex\">\n<div class=\"wp-block-button is-style-outline is-style-outline--1\"><a class=\"wp-block-button__link wp-element-button\" href=\"https:\/\/www.saudeindaial.sc.gov.br\/carta-servicos\/assistencia-farmaceutica\/\">VOLTAR<\/a><\/div>\n<\/div>\n","protected":false},"excerpt":{"rendered":"<p>O CBAF \u00e9 o componente da AF que promove ao cidad\u00e3o acesso a medicamentos e insumos para o tratamento dos principais problemas de sa\u00fade e programas da Aten\u00e7\u00e3o Prim\u00e1ria \u00e0 Sa\u00fade (APS). No munic\u00edpio de Indaial o acesso a esses medicamentos se d\u00e1 atrav\u00e9s da Central de Assist\u00eancia Farmac\u00eautica e nas farm\u00e1cias das unidades b\u00e1sicas [&hellip;]<\/p>\n","protected":false},"author":2,"featured_media":0,"parent":0,"menu_order":0,"comment_status":"closed","ping_status":"closed","template":"","meta":{"footnotes":""},"class_list":["post-570","page","type-page","status-publish","hentry"],"_links":{"self":[{"href":"https:\/\/www.saudeindaial.sc.gov.br\/carta-servicos\/wp-json\/wp\/v2\/pages\/570","targetHints":{"allow":["GET"]}}],"collection":[{"href":"https:\/\/www.saudeindaial.sc.gov.br\/carta-servicos\/wp-json\/wp\/v2\/pages"}],"about":[{"href":"https:\/\/www.saudeindaial.sc.gov.br\/carta-servicos\/wp-json\/wp\/v2\/types\/page"}],"author":[{"embeddable":true,"href":"https:\/\/www.saudeindaial.sc.gov.br\/carta-servicos\/wp-json\/wp\/v2\/users\/2"}],"replies":[{"embeddable":true,"href":"https:\/\/www.saudeindaial.sc.gov.br\/carta-servicos\/wp-json\/wp\/v2\/comments?post=570"}],"version-history":[{"count":3,"href":"https:\/\/www.saudeindaial.sc.gov.br\/carta-servicos\/wp-json\/wp\/v2\/pages\/570\/revisions"}],"predecessor-version":[{"id":576,"href":"https:\/\/www.saudeindaial.sc.gov.br\/carta-servicos\/wp-json\/wp\/v2\/pages\/570\/revisions\/576"}],"wp:attachment":[{"href":"https:\/\/www.saudeindaial.sc.gov.br\/carta-servicos\/wp-json\/wp\/v2\/media?parent=570"}],"curies":[{"name":"wp","href":"https:\/\/api.w.org\/{rel}","templated":true}]}}