{"id":585,"date":"2023-12-10T23:17:21","date_gmt":"2023-12-11T02:17:21","guid":{"rendered":"https:\/\/www.saudeindaial.sc.gov.br\/carta-servicos\/?page_id=585"},"modified":"2025-05-21T08:25:00","modified_gmt":"2025-05-21T11:25:00","slug":"ceaf-componente-especializado-da-assistencia-farmaceutica","status":"publish","type":"page","link":"https:\/\/www.saudeindaial.sc.gov.br\/carta-servicos\/ceaf-componente-especializado-da-assistencia-farmaceutica\/","title":{"rendered":"CEAF &#8211; Componente Especializado da Assist\u00eancia Farmac\u00eautica"},"content":{"rendered":"<div class=\"wp-block-image is-style-rounded\">\n<figure class=\"alignright size-full is-resized\"><img loading=\"lazy\" decoding=\"async\" width=\"440\" height=\"626\" src=\"https:\/\/www.saudeindaial.sc.gov.br\/carta-servicos\/wp-content\/uploads\/2023\/12\/Acesso_Ass_Farma_SUS_5.png\" alt=\"\" class=\"wp-image-586\" style=\"width:283px;height:auto\" srcset=\"https:\/\/www.saudeindaial.sc.gov.br\/carta-servicos\/wp-content\/uploads\/2023\/12\/Acesso_Ass_Farma_SUS_5.png 440w, https:\/\/www.saudeindaial.sc.gov.br\/carta-servicos\/wp-content\/uploads\/2023\/12\/Acesso_Ass_Farma_SUS_5-211x300.png 211w, https:\/\/www.saudeindaial.sc.gov.br\/carta-servicos\/wp-content\/uploads\/2023\/12\/Acesso_Ass_Farma_SUS_5-148x210.png 148w\" sizes=\"auto, (max-width: 440px) 100vw, 440px\" \/><\/figure><\/div>\n\n\n<p>O Componente Especializado da Assist\u00eancia Farmac\u00eautica (Ceaf) \u00e9 uma estrat\u00e9gia de acesso a medicamentos, no \u00e2mbito do SUS, para doen\u00e7as cr\u00f4nico-degenerativas, inclusive doen\u00e7as raras, e \u00e9 caracterizado pela busca da garantia da integralidade do tratamento medicamentoso, em n\u00edvel ambulatorial, cujas linhas de cuidado est\u00e3o definidas em Protocolos Cl\u00ednicos e Diretrizes Terap\u00eauticas (PCDT) publicados pelo Minist\u00e9rio da Sa\u00fade.<br>A<a href=\"https:\/\/bvsms.saude.gov.br\/bvs\/saudelegis\/gm\/2017\/prc0002_03_10_2017.html\" target=\"_blank\" rel=\"noreferrer noopener\"> Portaria de Consolida\u00e7\u00e3o n\u00ba 2\/2017<\/a> estabelece que a execu\u00e7\u00e3o do Ceaf envolve as etapas de solicita\u00e7\u00e3o, avalia\u00e7\u00e3o, autoriza\u00e7\u00e3o, dispensa\u00e7\u00e3o e renova\u00e7\u00e3o da continuidade do tratamento, e que para os medicamentos dos Grupos 1 e 2, a execu\u00e7\u00e3o \u00e9 descentralizada e de responsabilidade das Secretarias de Sa\u00fade dos Estados e do Distrito Federal<strong>. <\/strong>Esta Portaria tamb\u00e9m orienta que a solicita\u00e7\u00e3o, dispensa\u00e7\u00e3o e a renova\u00e7\u00e3o da continuidade do tratamento poder\u00e3o ser descentralizadas junto \u00e0 rede de servi\u00e7os p\u00fablicos dos Munic\u00edpios mediante pactua\u00e7\u00e3o entre os gestores estaduais e municipais de sa\u00fade. Em Santa Catarina, a <a href=\"https:\/\/www.cosemssc.org.br\/wp-content\/uploads\/2019\/05\/DELIBERACAO-398-CIB-25-09-2014-completa.pdf\" target=\"_blank\" rel=\"noreferrer noopener\">Delibera\u00e7\u00e3o CIB n. 398\/2014<\/a> orienta a descentraliza\u00e7\u00e3o desses servi\u00e7os e execu\u00e7\u00e3o pelos munic\u00edpios. <\/p>\n\n\n\n<p>Clique aqui para ter acesso a <strong><a href=\"https:\/\/www.saude.sc.gov.br\/index.php\/pt\/assistencia-farmaceutica\/componente-especializado-da-assistencia-farmaceutica-ceaf\" target=\"_blank\" rel=\"noreferrer noopener\">Rela\u00e7\u00e3o Estadual de Medicamentos do CEAF<\/a>.<\/strong><br><br>Para conhecer os <strong>protocolos cl\u00ednicos, termos de responsabilidade, resumos e formul\u00e1rios do CEAF<\/strong>, basta clicar <a href=\"https:\/\/www.saude.sc.gov.br\/index.php\/pt\/assistencia-farmaceutica\/componente-especializado-da-assistencia-farmaceutica-ceaf\" target=\"_blank\" rel=\"noreferrer noopener\">AQUI<\/a>.<\/p>\n\n\n\n<p>No munic\u00edpio de Indaial o acesso a esses medicamentos se d\u00e1 atrav\u00e9s da Central de Assist\u00eancia Farmac\u00eautica.<\/p>\n\n\n\n<div class=\"wp-block-buttons is-content-justification-right is-layout-flex wp-container-core-buttons-is-layout-1 wp-block-buttons-is-layout-flex\">\n<div class=\"wp-block-button is-style-outline is-style-outline--1\"><a class=\"wp-block-button__link wp-element-button\" href=\"https:\/\/www.saudeindaial.sc.gov.br\/carta-servicos\/assistencia-farmaceutica\/\">VOLTAR<\/a><\/div>\n<\/div>\n","protected":false},"excerpt":{"rendered":"<p>O Componente Especializado da Assist\u00eancia Farmac\u00eautica (Ceaf) \u00e9 uma estrat\u00e9gia de acesso a medicamentos, no \u00e2mbito do SUS, para doen\u00e7as cr\u00f4nico-degenerativas, inclusive doen\u00e7as raras, e \u00e9 caracterizado pela busca da garantia da integralidade do tratamento medicamentoso, em n\u00edvel ambulatorial, cujas linhas de cuidado est\u00e3o definidas em Protocolos Cl\u00ednicos e Diretrizes Terap\u00eauticas (PCDT) publicados pelo Minist\u00e9rio [&hellip;]<\/p>\n","protected":false},"author":2,"featured_media":0,"parent":0,"menu_order":0,"comment_status":"closed","ping_status":"closed","template":"","meta":{"footnotes":""},"class_list":["post-585","page","type-page","status-publish","hentry"],"_links":{"self":[{"href":"https:\/\/www.saudeindaial.sc.gov.br\/carta-servicos\/wp-json\/wp\/v2\/pages\/585","targetHints":{"allow":["GET"]}}],"collection":[{"href":"https:\/\/www.saudeindaial.sc.gov.br\/carta-servicos\/wp-json\/wp\/v2\/pages"}],"about":[{"href":"https:\/\/www.saudeindaial.sc.gov.br\/carta-servicos\/wp-json\/wp\/v2\/types\/page"}],"author":[{"embeddable":true,"href":"https:\/\/www.saudeindaial.sc.gov.br\/carta-servicos\/wp-json\/wp\/v2\/users\/2"}],"replies":[{"embeddable":true,"href":"https:\/\/www.saudeindaial.sc.gov.br\/carta-servicos\/wp-json\/wp\/v2\/comments?post=585"}],"version-history":[{"count":5,"href":"https:\/\/www.saudeindaial.sc.gov.br\/carta-servicos\/wp-json\/wp\/v2\/pages\/585\/revisions"}],"predecessor-version":[{"id":1023,"href":"https:\/\/www.saudeindaial.sc.gov.br\/carta-servicos\/wp-json\/wp\/v2\/pages\/585\/revisions\/1023"}],"wp:attachment":[{"href":"https:\/\/www.saudeindaial.sc.gov.br\/carta-servicos\/wp-json\/wp\/v2\/media?parent=585"}],"curies":[{"name":"wp","href":"https:\/\/api.w.org\/{rel}","templated":true}]}}