{"id":647,"date":"2023-12-11T21:48:39","date_gmt":"2023-12-12T00:48:39","guid":{"rendered":"https:\/\/www.saudeindaial.sc.gov.br\/carta-servicos\/?page_id=647"},"modified":"2024-10-09T15:10:34","modified_gmt":"2024-10-09T18:10:34","slug":"controle-de-zoonoses","status":"publish","type":"page","link":"https:\/\/www.saudeindaial.sc.gov.br\/carta-servicos\/controle-de-zoonoses\/","title":{"rendered":"Controle de Zoonoses"},"content":{"rendered":"<div class=\"wp-block-image\">\n<figure class=\"aligncenter size-full is-resized\"><img loading=\"lazy\" decoding=\"async\" width=\"509\" height=\"480\" src=\"https:\/\/www.saudeindaial.sc.gov.br\/carta-servicos\/wp-content\/uploads\/2023\/12\/zoonosislogo.gif\" alt=\"\" class=\"wp-image-648\" style=\"width:304px;height:auto\"\/><\/figure><\/div>\n\n\n<p>Zoonoses s\u00e3o&nbsp;<strong>doen\u00e7as infecciosas transmitidas entre animais e pessoas<\/strong>. Os pat\u00f3genos podem ser bacterianos, virais, parasit\u00e1rios ou podem envolver agentes n\u00e3o convencionais e podem se espalhar para os humanos por meio do contato direto ou atrav\u00e9s de alimentos, \u00e1gua ou meio ambiente.<br><br><strong>EXAME E EUTAN\u00c1SIA DE ANIMAIS COM LEISHMANIOSE VISCERAL CANINA<\/strong><\/p>\n\n\n\n<p>O exame sorol\u00f3gico para Leishmaniose Visceral Canina \u00e9 realizado perante as notifica\u00e7\u00f5es de suspeita cl\u00ednica, oriundas das Cl\u00ednicas Veterin\u00e1rias ou das buscas ativas quando notifica\u00e7\u00e3o de Leishmaniose Visceral Humana.<br>Aos tutores de animais sororreagentes, \u00e9 instru\u00eddo sobre a doen\u00e7a e seu desenvolvimento, assim como as medidas recomendadas pelos \u00f3rg\u00e3os oficiais; Aos tutores que optarem pela eutan\u00e1sia do animal sororreagente, \u00e9 realizado o procedimento pela M\u00e9dica Veterin\u00e1ria da Vigil\u00e2ncia Epidemiol\u00f3gica, conforme a <a href=\"https:\/\/www.feis.unesp.br\/Home\/comissaodeeticaeusoanimal\/resolucao-1000-11-05-2012--cfmv_-eutanasia.pdf\" target=\"_blank\" rel=\"noreferrer noopener\">Resolu\u00e7\u00e3o n\u00b0 1000, de 11 de maio de 2012<\/a> do Conselho Federal de Medicina Veterin\u00e1ria.<\/p>\n\n\n\n<p><strong>RECOLHIMENTO DE QUIR\u00d3PTEROS<\/strong><\/p>\n\n\n<div class=\"wp-block-image\">\n<figure class=\"alignleft size-full is-resized\"><img loading=\"lazy\" decoding=\"async\" width=\"400\" height=\"200\" src=\"https:\/\/www.saudeindaial.sc.gov.br\/carta-servicos\/wp-content\/uploads\/2023\/12\/843518_e0a3c.gif\" alt=\"\" class=\"wp-image-649\" style=\"width:342px;height:auto\"\/><\/figure><\/div>\n\n\n<p>Realizado o recolhimento de morcegos com altera\u00e7\u00e3o comportamental, ou seja, que estejam voando ou pousados em ambientes iluminados ou que adentrem resid\u00eancias pousando ao ch\u00e3o.<br>Considerando-se o morcego suspeito pelo M\u00e9dico Veterin\u00e1rio da Vigil\u00e2ncia Epidemiol\u00f3gica, o animal ser\u00e1 encaminhado para an\u00e1lise de Raiva.<br>Caso se verifique o contato direto com o morcego por animais dom\u00e9sticos (c\u00e3es\/gatos) da resid\u00eancia, ser\u00e3o elucidadas e adotadas as medidas conforme a <a href=\"https:\/\/www.saude.sp.gov.br\/resources\/instituto-pasteur\/pdf\/nota-tecnica\/nota_tecnica_192012_cgdtdevepsvsms.pdf\">Nota T\u00e9cnica 19\/2012 CGDT\/DEVEP\/SVS\/MS<\/a>.<\/p>\n\n\n\n<p><\/p>\n\n\n\n<p><strong>VACINA\u00c7\u00c3O ANTIRR\u00c1BICA<\/strong><\/p>\n\n\n\n<p>Realizada a vacina\u00e7\u00e3o com 2 ou 3 doses de vacina antirr\u00e1bica animal em c\u00e3es e gatos residentes em um raio de 300 metros do ponto de coleta de um morcego positivo para Raiva (bloqueio de foco).<\/p>\n\n\n\n<p><\/p>\n\n\n\n<p><strong>COLETA DE SISTEMA NERVOSO CENTRAL DE ANIMAIS SUSPEITOS DE RAIVA<\/strong><\/p>\n\n\n\n<p>Quando \u00f3bito sem causa definida de animais que tenham apresentado sinais cl\u00ednicos com altera\u00e7\u00e3o neurol\u00f3gica, o M\u00e9dico Veterin\u00e1rio da Vigil\u00e2ncia Epidemiol\u00f3gica realizar\u00e1 a coleta de amostras do sistema nervoso central para encaminhamento de pesquisa do v\u00edrus r\u00e1bico.<\/p>\n\n\n\n<p><strong>OBSERVA\u00c7\u00c3O DE ANIMAIS SUSPEITOS DE RAIVA<\/strong><\/p>\n\n\n\n<p>Quando notifica\u00e7\u00f5es de mordedura canina ou felina, o M\u00e9dico Veterin\u00e1rio da Vigil\u00e2ncia Epidemiol\u00f3gica realizar\u00e1 o acompanhamento do animal por um per\u00edodo de 10 dias contados da data do ocorrido.<br>Descartado o risco de raiva animal, o animal \u00e9 dispensado do acompanhamento veterin\u00e1rio.<\/p>\n\n\n\n<p><strong>NECR\u00d3PSIAS DE PRIMATAS N\u00c3O-HUMANOS (PNH)<\/strong><\/p>\n\n\n\n<p>O M\u00e9dico Veterin\u00e1rio da Vigil\u00e2ncia Epidemiol\u00f3gica realizar\u00e1 a coleta de amostras biol\u00f3gicas de primatas n\u00e3o-humanos encontrados mortos in situ e encaminhar\u00e1 para o laborat\u00f3rio de refer\u00eancia para pesquisa de Febre Amarela.<\/p>\n\n\n<div class=\"wp-block-image\">\n<figure class=\"aligncenter size-full is-resized\"><img loading=\"lazy\" decoding=\"async\" width=\"620\" height=\"315\" src=\"https:\/\/www.saudeindaial.sc.gov.br\/carta-servicos\/wp-content\/uploads\/2023\/12\/9d5a93cefcb0df89673ddce1f1418a19.jpg\" alt=\"\" class=\"wp-image-652\" style=\"width:488px;height:auto\" srcset=\"https:\/\/www.saudeindaial.sc.gov.br\/carta-servicos\/wp-content\/uploads\/2023\/12\/9d5a93cefcb0df89673ddce1f1418a19.jpg 620w, https:\/\/www.saudeindaial.sc.gov.br\/carta-servicos\/wp-content\/uploads\/2023\/12\/9d5a93cefcb0df89673ddce1f1418a19-300x152.jpg 300w, https:\/\/www.saudeindaial.sc.gov.br\/carta-servicos\/wp-content\/uploads\/2023\/12\/9d5a93cefcb0df89673ddce1f1418a19-210x107.jpg 210w\" sizes=\"auto, (max-width: 620px) 100vw, 620px\" \/><\/figure><\/div>\n\n\n<div class=\"wp-block-buttons is-content-justification-right is-layout-flex wp-container-core-buttons-is-layout-1 wp-block-buttons-is-layout-flex\">\n<div class=\"wp-block-button is-style-fill\"><a class=\"wp-block-button__link wp-element-button\" href=\"https:\/\/www.saudeindaial.sc.gov.br\/carta-servicos\/vigilancia-epidemiologica\/\">VOLTAR<\/a><\/div>\n<\/div>\n","protected":false},"excerpt":{"rendered":"<p>Zoonoses s\u00e3o&nbsp;doen\u00e7as infecciosas transmitidas entre animais e pessoas. Os pat\u00f3genos podem ser bacterianos, virais, parasit\u00e1rios ou podem envolver agentes n\u00e3o convencionais e podem se espalhar para os humanos por meio do contato direto ou atrav\u00e9s de alimentos, \u00e1gua ou meio ambiente. EXAME E EUTAN\u00c1SIA DE ANIMAIS COM LEISHMANIOSE VISCERAL CANINA O exame sorol\u00f3gico para Leishmaniose [&hellip;]<\/p>\n","protected":false},"author":2,"featured_media":0,"parent":0,"menu_order":0,"comment_status":"closed","ping_status":"closed","template":"","meta":{"footnotes":""},"class_list":["post-647","page","type-page","status-publish","hentry"],"_links":{"self":[{"href":"https:\/\/www.saudeindaial.sc.gov.br\/carta-servicos\/wp-json\/wp\/v2\/pages\/647","targetHints":{"allow":["GET"]}}],"collection":[{"href":"https:\/\/www.saudeindaial.sc.gov.br\/carta-servicos\/wp-json\/wp\/v2\/pages"}],"about":[{"href":"https:\/\/www.saudeindaial.sc.gov.br\/carta-servicos\/wp-json\/wp\/v2\/types\/page"}],"author":[{"embeddable":true,"href":"https:\/\/www.saudeindaial.sc.gov.br\/carta-servicos\/wp-json\/wp\/v2\/users\/2"}],"replies":[{"embeddable":true,"href":"https:\/\/www.saudeindaial.sc.gov.br\/carta-servicos\/wp-json\/wp\/v2\/comments?post=647"}],"version-history":[{"count":5,"href":"https:\/\/www.saudeindaial.sc.gov.br\/carta-servicos\/wp-json\/wp\/v2\/pages\/647\/revisions"}],"predecessor-version":[{"id":996,"href":"https:\/\/www.saudeindaial.sc.gov.br\/carta-servicos\/wp-json\/wp\/v2\/pages\/647\/revisions\/996"}],"wp:attachment":[{"href":"https:\/\/www.saudeindaial.sc.gov.br\/carta-servicos\/wp-json\/wp\/v2\/media?parent=647"}],"curies":[{"name":"wp","href":"https:\/\/api.w.org\/{rel}","templated":true}]}}