{"id":656,"date":"2023-12-11T22:34:19","date_gmt":"2023-12-12T01:34:19","guid":{"rendered":"https:\/\/www.saudeindaial.sc.gov.br\/carta-servicos\/?page_id=656"},"modified":"2024-10-09T15:11:38","modified_gmt":"2024-10-09T18:11:38","slug":"imunizacao","status":"publish","type":"page","link":"https:\/\/www.saudeindaial.sc.gov.br\/carta-servicos\/imunizacao\/","title":{"rendered":"IMUNIZA\u00c7\u00c3O"},"content":{"rendered":"\n<p style=\"font-size:18px\"><strong>O QUE \u00c9 IMUNIZA\u00c7\u00c3O?<\/strong><\/p>\n\n\n\n<p>imuniza\u00e7\u00e3o \u00e9 quando a pessoa se torna imune ou resistente a alguma doen\u00e7a infecciosa, o que pode ocorrer naturalmente (quando as pessoas s\u00e3o expostas aos v\u00edrus e bact\u00e9rias) o por meio da vacina\u00e7\u00e3o. Ao se imunizar, as pessoas normalmente n\u00e3o contraem a doen\u00e7a ou contraem apenas a forma leve.&nbsp;Entre a imuniza\u00e7\u00e3o natural e a vacina\u00e7\u00e3o, a melhor op\u00e7\u00e3o continua sendo a vacina\u00e7\u00e3o, uma vez que ela possibilita que o organismo consiga obter a resposta imunit\u00e1ria sem correr riscos maiores ou sequelas.&nbsp;<\/p>\n\n\n\n<p><\/p>\n\n\n\n<p style=\"font-size:18px\"><strong>DISTRIBUI\u00c7\u00c3O DE VACINAS, MONITORAMENTO DE COBERTURA E ORGANIZA\u00c7\u00c3O DO SISTEMA DE IMUNIZA\u00c7\u00c3O<\/strong><\/p>\n\n\n<div class=\"wp-block-image is-style-default\">\n<figure class=\"alignright size-full is-resized\"><img loading=\"lazy\" decoding=\"async\" width=\"1024\" height=\"576\" src=\"https:\/\/www.saudeindaial.sc.gov.br\/carta-servicos\/wp-content\/uploads\/2023\/12\/i565566.jpeg\" alt=\"\" class=\"wp-image-658\" style=\"width:345px;height:auto\" srcset=\"https:\/\/www.saudeindaial.sc.gov.br\/carta-servicos\/wp-content\/uploads\/2023\/12\/i565566.jpeg 1024w, https:\/\/www.saudeindaial.sc.gov.br\/carta-servicos\/wp-content\/uploads\/2023\/12\/i565566-300x169.jpeg 300w, https:\/\/www.saudeindaial.sc.gov.br\/carta-servicos\/wp-content\/uploads\/2023\/12\/i565566-768x432.jpeg 768w, https:\/\/www.saudeindaial.sc.gov.br\/carta-servicos\/wp-content\/uploads\/2023\/12\/i565566-210x118.jpeg 210w\" sizes=\"auto, (max-width: 980px) 100vw, 980px\" \/><\/figure><\/div>\n\n\n<p>A Secretaria Municipal de Sa\u00fade, atrav\u00e9s da Vigil\u00e2ncia Epidemiol\u00f3gica, recebe da Regional de Sa\u00fade os imunobiol\u00f3gicos para posteriormente distribui entra as salas de vacinas ativas no munic\u00edpio.&nbsp;<br>O setor de imuniza\u00e7\u00e3o tamb\u00e9m distribui as vacinas para o hospital.<br>\u00c9 realizado planejamento anual das a\u00e7\u00f5es da imuniza\u00e7\u00e3o que ir\u00e3o ser executadas. A\u00e7\u00f5es por exemplo que ocorrem em empresas, escolas e estabelecimentos. A\u00e7\u00f5es extra muro, levando imuniza\u00e7\u00e3o \u00e0 popula\u00e7\u00e3o.&nbsp;<br>No setor tamb\u00e9m \u00e9 realizado o controle de qualidade das vacinas, por meio do monitoramento das condi\u00e7\u00f5es de transporte, armazenamento e aplica\u00e7\u00f5es.<br><\/p>\n\n\n\n<p><em>QUEM PODE UTILIZAR ESTE SERVI\u00c7O?<\/em> Popula\u00e7\u00e3o em geral e servidores da sa\u00fade.<\/p>\n\n\n\n<p><br><em>LOCALIZA\u00c7\u00c3O: <\/em><\/p>\n\n\n<div class=\"wp-block-image\">\n<figure class=\"alignleft size-full is-resized\"><img loading=\"lazy\" decoding=\"async\" width=\"56\" height=\"207\" src=\"https:\/\/www.saudeindaial.sc.gov.br\/carta-servicos\/wp-content\/uploads\/2023\/11\/Captura-de-tela-2023-11-21-191554.png\" alt=\"\" class=\"wp-image-505\" style=\"width:43px;height:auto\"\/><\/figure><\/div>\n\n\n<p><br> Telefone: (47) -33172120 \u2013 (47) &#8211; 99709-0398<\/p>\n\n\n\n<p> Rua S\u00e3o Francisco, n\u00ba 250 &#8211; Centro<\/p>\n\n\n\n<p>Hor\u00e1rio: Segunda \u00e0 Sexta &#8211; Feira das 07:30 \u00e0s 12:00 e das 13:00 \u00e0s 17:00 horas<\/p>\n\n\n\n<p>E-mail:&nbsp; <a href=\"mailto:coord.imunizacao@saudeindaial.sc.gov.br\">coord.imunizacao@saudeindaial.sc.gov.br<\/a>&nbsp;\/ <a href=\"mailto:epidemio@saudeindaial.sc.gov.br\">epidemio@saudeindaial.sc.gov.br<\/a>&nbsp;\/ <a href=\"mailto:imunizacao@saudeindaial.sc.gov.br\">imunizacao@saudeindaial.sc.gov.br<\/a>&nbsp;<\/p>\n\n\n\n<p><\/p>\n\n\n<div class=\"wp-block-image is-style-rounded\">\n<figure class=\"aligncenter size-large is-resized\"><a href=\"https:\/\/www.gov.br\/saude\/pt-br\/assuntos\/noticias\/2021\/agosto\/do-laboratorio-ao-braco-caminho-das-vacinas-covid-19-tem-controle-de-qualidade-rigido-e-operacao-logistica-em-tempo-recorde\/caminhodavacina1908v2.pdf\" target=\"_blank\" rel=\"noreferrer noopener\"><img loading=\"lazy\" decoding=\"async\" width=\"1024\" height=\"673\" src=\"https:\/\/www.saudeindaial.sc.gov.br\/carta-servicos\/wp-content\/uploads\/2023\/12\/FvO6tX_XwAEu-FE-1-1024x673.jpg\" alt=\"\" class=\"wp-image-668\" style=\"width:215px;height:auto\" srcset=\"https:\/\/www.saudeindaial.sc.gov.br\/carta-servicos\/wp-content\/uploads\/2023\/12\/FvO6tX_XwAEu-FE-1-1024x673.jpg 1024w, https:\/\/www.saudeindaial.sc.gov.br\/carta-servicos\/wp-content\/uploads\/2023\/12\/FvO6tX_XwAEu-FE-1-300x197.jpg 300w, https:\/\/www.saudeindaial.sc.gov.br\/carta-servicos\/wp-content\/uploads\/2023\/12\/FvO6tX_XwAEu-FE-1-768x505.jpg 768w, https:\/\/www.saudeindaial.sc.gov.br\/carta-servicos\/wp-content\/uploads\/2023\/12\/FvO6tX_XwAEu-FE-1-210x138.jpg 210w, https:\/\/www.saudeindaial.sc.gov.br\/carta-servicos\/wp-content\/uploads\/2023\/12\/FvO6tX_XwAEu-FE-1.jpg 1061w\" sizes=\"auto, (max-width: 980px) 100vw, 980px\" \/><\/a><\/figure><\/div>\n\n\n<p><\/p>\n\n\n\n<p>Voc\u00ea conhece o <mark style=\"background-color:rgba(0, 0, 0, 0);color:#9edaff\" class=\"has-inline-color\">&#8220;CAMINHO DAS VACINA<\/mark><a href=\"https:\/\/www.gov.br\/saude\/pt-br\/assuntos\/noticias\/2021\/agosto\/do-laboratorio-ao-braco-caminho-das-vacinas-covid-19-tem-controle-de-qualidade-rigido-e-operacao-logistica-em-tempo-recorde\/caminhodavacina1908v2.pdf\" target=\"_blank\" rel=\"noreferrer noopener\"><mark style=\"background-color:rgba(0, 0, 0, 0);color:#9edaff\" class=\"has-inline-color\">S&#8221;<\/mark><\/a><mark style=\"background-color:rgba(0, 0, 0, 0)\" class=\"has-inline-color has-light-green-cyan-color\">?<\/mark><strong> <\/strong> Clica na imagem pra acompanhar essa viagem! <br><\/p>\n\n\n\n<p><\/p>\n\n\n\n<p class=\"has-text-align-left\" style=\"font-size:18px\"><strong>DISTRIBUI\u00c7\u00c3O DE IMUNOESPECIAIS E ENCAMINHAMENTO PARA SALAS DE VACINA:&nbsp;<\/strong><\/p>\n\n\n\n<p>Vacinas que n\u00e3o est\u00e3o no calend\u00e1rio vacinal podem ser solicitadas atrav\u00e9s do receitu\u00e1rio m\u00e9dico contendo CID de doen\u00e7a de base, ap\u00f3s isso estas vacinas s\u00e3o liberadas em casos especiais de sa\u00fade. O paciente deve entregar a requisi\u00e7\u00e3o ao vacinador da Unidade de Sa\u00fade, o vacinador encaminha a coordena\u00e7\u00e3o de imuniza\u00e7\u00e3o para digita\u00e7\u00e3o no programa Siale para avalia\u00e7\u00e3o do Programa Estadual.<br>Consulte o <a href=\"https:\/\/www.gov.br\/saude\/pt-br\/vacinacao\/arquivos\/manual-dos-centros-de-referencia-para-imunobiologicos-especiais_6a-edicao_2023.pdf\" target=\"_blank\" rel=\"noreferrer noopener\"><mark style=\"background-color:rgba(0, 0, 0, 0)\" class=\"has-inline-color has-vivid-cyan-blue-color\">MANUAL DOS CENTROS DE REFER\u00caNCIA PARA IMUNOBIOL\u00d3GICOS ESPECIAIS<\/mark><\/a> clicando sobre o texto. <\/p>\n\n\n\n<p><\/p>\n\n\n\n<p style=\"font-size:18px\"><strong>AGENDAMENTO DE BCG\/ HEPATITE B E\/OU AMBIENTE HOSPITALAR<\/strong><br><\/p>\n\n\n<div class=\"wp-block-image\">\n<figure class=\"alignleft size-full is-resized\"><img loading=\"lazy\" decoding=\"async\" width=\"423\" height=\"363\" src=\"https:\/\/www.saudeindaial.sc.gov.br\/carta-servicos\/wp-content\/uploads\/2023\/12\/image.png\" alt=\"\" class=\"wp-image-660\" style=\"width:266px;height:auto\" srcset=\"https:\/\/www.saudeindaial.sc.gov.br\/carta-servicos\/wp-content\/uploads\/2023\/12\/image.png 423w, https:\/\/www.saudeindaial.sc.gov.br\/carta-servicos\/wp-content\/uploads\/2023\/12\/image-300x257.png 300w, https:\/\/www.saudeindaial.sc.gov.br\/carta-servicos\/wp-content\/uploads\/2023\/12\/image-210x180.png 210w\" sizes=\"auto, (max-width: 423px) 100vw, 423px\" \/><\/figure><\/div>\n\n\n<p>O agendamento da aplica\u00e7\u00e3o de vacina <strong>BCG e\/ou Hepatite B<\/strong> em ambiente hospitalar \u00e9 realizado via aplicativo de mensagem atrav\u00e9s do n\u00famero <strong>(47) 99709-0398<\/strong> para paciente que n\u00e3o estejam internados.&nbsp;<\/p>\n\n\n\n<p>Para pacientes internados, a vacina\u00e7\u00e3o \u00e9 disponibilizada na segunda- feira, quarta- feira e sexta- feiras das 09:00 as 10:00 na sala de vacinas do pr\u00f3prio Hospital Beatriz Ramos (HBR).<br> <br>Em casos que a vacina\u00e7\u00e3o seja necess\u00e1ria em ambiente hospitalar, o agendamento deve ser realizado atrav\u00e9s dos canais oficiais de comunica\u00e7\u00e3o entre as equipe do HBR e Imuniza\u00e7\u00e3o.<\/p>\n\n\n\n<p><\/p>\n\n\n\n<p><\/p>\n\n\n\n<p><\/p>\n\n\n\n<p class=\"has-text-align-left\" style=\"font-size:18px\"><strong>CONECTESUS<\/strong><\/p>\n\n\n<div class=\"wp-block-image\">\n<figure class=\"alignright size-full is-resized\"><img loading=\"lazy\" decoding=\"async\" width=\"928\" height=\"410\" src=\"https:\/\/www.saudeindaial.sc.gov.br\/carta-servicos\/wp-content\/uploads\/2023\/12\/conecteSUS2-150x150-1.png\" alt=\"\" class=\"wp-image-733\" style=\"width:240px;height:auto\" srcset=\"https:\/\/www.saudeindaial.sc.gov.br\/carta-servicos\/wp-content\/uploads\/2023\/12\/conecteSUS2-150x150-1.png 928w, https:\/\/www.saudeindaial.sc.gov.br\/carta-servicos\/wp-content\/uploads\/2023\/12\/conecteSUS2-150x150-1-300x133.png 300w, https:\/\/www.saudeindaial.sc.gov.br\/carta-servicos\/wp-content\/uploads\/2023\/12\/conecteSUS2-150x150-1-768x339.png 768w, https:\/\/www.saudeindaial.sc.gov.br\/carta-servicos\/wp-content\/uploads\/2023\/12\/conecteSUS2-150x150-1-210x93.png 210w\" sizes=\"auto, (max-width: 928px) 100vw, 928px\" \/><\/figure><\/div>\n\n\n<p>O Conecte SUS Cidad\u00e3o \u00e9 o aplicativo oficial do Minist\u00e9rio da Sa\u00fade e a porta de acesso aos servi\u00e7os do Sistema \u00danico de Sa\u00fade (SUS) de forma digital. Ele permite que o cidad\u00e3o acompanhe, na palma da m\u00e3o, o seu hist\u00f3rico cl\u00ednico. Uma das funcionalidades do aplicativo \u00e9 o hist\u00f3rico vacinal, todas vacinas aplicadas em 2023 por exemplo, ir\u00e3o aparecer neste aplicativo, para acesso o cidad\u00e3o precisa ter login e senha pessoais.<br>O cadastro no Conecte SUS \u00e9 bem simples e pode ser feito em poucos minutos. Basta usar o n\u00famero do CPF ou da Carteira Nacional de Sa\u00fade. O primeiro passo \u00e9 entrar na loja de aplicativos do seu celular ou tablete e digitar \u201capp Conecte SUS\u201d, e fazer o download de forma gratuita. O registro tamb\u00e9m pode ser feito em qualquer computador com acesso \u00e0 internet por meio do site:&nbsp;<strong><a href=\"http:\/\/conectesus-paciente.saude.gov.br\/\" target=\"_blank\" rel=\"noreferrer noopener\">conectesus-paciente.saude.gov.br&nbsp;<\/a><\/strong><br><\/p>\n\n\n\n<h1 class=\"wp-block-heading\" style=\"font-size:18px;font-style:normal;font-weight:700\">CERTIFICADO INTERNACIONAL DE VACINA\u00c7\u00c3O &#8211; FEBRE AMARELA<\/h1>\n\n\n\n<p>O Certificado Internacional de Vacina\u00e7\u00e3o&nbsp;ou Profilaxia (CIVP)&nbsp;\u00e9 o documento que comprova a vacina\u00e7\u00e3o de febre amarela (FA). Ele \u00e9 necess\u00e1rio porque alguns pa\u00edses exigem o documento para a entrada em seu territ\u00f3rio. <br>A OMS (Organiza\u00e7\u00e3o Mundial da Sa\u00fade) atualiza regularmente em seu portal os pa\u00edses que exigem o documento.&nbsp;Consulte aqui a <a href=\"https:\/\/www.gov.br\/anvisa\/pt-br\/assuntos\/paf\/certificado-internacional-de-vacinacao\/arquivos\/lista-simplificada-de-paises-que-exigem-o-civp-febre-amarela\/view\" target=\"_blank\" rel=\"noreferrer noopener\"><strong>Lista simplificada de pa\u00edses que exigem o CIVP &#8211; febre amarela<\/strong><\/a>. <br>A validade do CIVP de febre amarela inicia-se 10 dias ap\u00f3s a data de vacina\u00e7\u00e3o e se estende por toda a vida. Voc\u00ea s\u00f3 precisa tir\u00e1-lo apenas uma vez.<\/p>\n\n\n\n<p>Para saber o passo a passo de como solicitar o seu CVIP <a href=\"https:\/\/www.gov.br\/pt-br\/servicos\/obter-o-certificado-internacional-de-vacinacao-e-profilaxia\" target=\"_blank\" rel=\"noreferrer noopener\"><img loading=\"lazy\" decoding=\"async\" width=\"150\" height=\"77\" class=\"wp-image-716\" style=\"width: 150px;\" src=\"https:\/\/www.saudeindaial.sc.gov.br\/carta-servicos\/wp-content\/uploads\/2023\/12\/acc39d_19800cdac5494141a5814bc4ff7e9a11_mv2-1.gif\" alt=\"\"><\/a><\/p>\n\n\n\n<p><\/p>\n\n\n\n<p><\/p>\n\n\n\n<div class=\"wp-block-buttons is-content-justification-right is-layout-flex wp-container-core-buttons-is-layout-1 wp-block-buttons-is-layout-flex\">\n<div class=\"wp-block-button is-style-fill\"><a class=\"wp-block-button__link wp-element-button\" href=\"https:\/\/www.saudeindaial.sc.gov.br\/carta-servicos\/vigilancia-epidemiologica\/\">voltar<\/a><\/div>\n<\/div>\n","protected":false},"excerpt":{"rendered":"<p>O QUE \u00c9 IMUNIZA\u00c7\u00c3O? imuniza\u00e7\u00e3o \u00e9 quando a pessoa se torna imune ou resistente a alguma doen\u00e7a infecciosa, o que pode ocorrer naturalmente (quando as pessoas s\u00e3o expostas aos v\u00edrus e bact\u00e9rias) o por meio da vacina\u00e7\u00e3o. Ao se imunizar, as pessoas normalmente n\u00e3o contraem a doen\u00e7a ou contraem apenas a forma leve.&nbsp;Entre a imuniza\u00e7\u00e3o [&hellip;]<\/p>\n","protected":false},"author":2,"featured_media":0,"parent":0,"menu_order":0,"comment_status":"closed","ping_status":"closed","template":"","meta":{"footnotes":""},"class_list":["post-656","page","type-page","status-publish","hentry"],"_links":{"self":[{"href":"https:\/\/www.saudeindaial.sc.gov.br\/carta-servicos\/wp-json\/wp\/v2\/pages\/656","targetHints":{"allow":["GET"]}}],"collection":[{"href":"https:\/\/www.saudeindaial.sc.gov.br\/carta-servicos\/wp-json\/wp\/v2\/pages"}],"about":[{"href":"https:\/\/www.saudeindaial.sc.gov.br\/carta-servicos\/wp-json\/wp\/v2\/types\/page"}],"author":[{"embeddable":true,"href":"https:\/\/www.saudeindaial.sc.gov.br\/carta-servicos\/wp-json\/wp\/v2\/users\/2"}],"replies":[{"embeddable":true,"href":"https:\/\/www.saudeindaial.sc.gov.br\/carta-servicos\/wp-json\/wp\/v2\/comments?post=656"}],"version-history":[{"count":25,"href":"https:\/\/www.saudeindaial.sc.gov.br\/carta-servicos\/wp-json\/wp\/v2\/pages\/656\/revisions"}],"predecessor-version":[{"id":997,"href":"https:\/\/www.saudeindaial.sc.gov.br\/carta-servicos\/wp-json\/wp\/v2\/pages\/656\/revisions\/997"}],"wp:attachment":[{"href":"https:\/\/www.saudeindaial.sc.gov.br\/carta-servicos\/wp-json\/wp\/v2\/media?parent=656"}],"curies":[{"name":"wp","href":"https:\/\/api.w.org\/{rel}","templated":true}]}}