{"id":767,"date":"2023-12-18T01:23:01","date_gmt":"2023-12-18T04:23:01","guid":{"rendered":"https:\/\/www.saudeindaial.sc.gov.br\/carta-servicos\/?page_id=767"},"modified":"2024-10-09T14:52:01","modified_gmt":"2024-10-09T17:52:01","slug":"grupo-de-fibromialgia","status":"publish","type":"page","link":"https:\/\/www.saudeindaial.sc.gov.br\/carta-servicos\/grupo-de-fibromialgia\/","title":{"rendered":"Grupo de Fibromialgia"},"content":{"rendered":"\n<p><strong>Respons\u00e1vel:<\/strong> Maria Edil\u00e9ia Ribeiro da Silva;<br><strong>Telefone:<\/strong> (47) 3281-7149 e (47) 3281-7127;<br><strong>Hor\u00e1rio de Atendimento:<\/strong> Conforme agendamento da Unidade de Sa\u00fade (SISREG) e programa\u00e7\u00e3o de encontros.<\/p>\n\n\n<div class=\"wp-block-image is-style-default\">\n<figure class=\"alignright size-full is-resized\"><img loading=\"lazy\" decoding=\"async\" width=\"720\" height=\"828\" src=\"https:\/\/www.saudeindaial.sc.gov.br\/carta-servicos\/wp-content\/uploads\/2023\/12\/IMG-20201117-WA0000.jpg\" alt=\"\" class=\"wp-image-768\" style=\"width:218px;height:auto\" srcset=\"https:\/\/www.saudeindaial.sc.gov.br\/carta-servicos\/wp-content\/uploads\/2023\/12\/IMG-20201117-WA0000.jpg 720w, https:\/\/www.saudeindaial.sc.gov.br\/carta-servicos\/wp-content\/uploads\/2023\/12\/IMG-20201117-WA0000-261x300.jpg 261w, https:\/\/www.saudeindaial.sc.gov.br\/carta-servicos\/wp-content\/uploads\/2023\/12\/IMG-20201117-WA0000-183x210.jpg 183w\" sizes=\"auto, (max-width: 720px) 100vw, 720px\" \/><\/figure><\/div>\n\n\n<p>Voc\u00ea Sabe o que \u00e9 Fibromialgia? <\/p>\n\n\n\n<p>A s\u00edndrome da fibromialgia (FM) \u00e9 uma s\u00edndrome cl\u00ednica que se manifesta com dor no corpo todo, principalmente na musculatura. Junto com a dor, a fibromialgia cursa com sintomas de fadiga (cansa\u00e7o), sono n\u00e3o reparador (a pessoa acorda cansada) e outros sintomas como altera\u00e7\u00f5es de mem\u00f3ria e aten\u00e7\u00e3o, ansiedade, depress\u00e3o e altera\u00e7\u00f5es intestinais. Uma caracter\u00edstica da pessoa com FM \u00e9 a grande sensibilidade ao toque e \u00e0 compress\u00e3o da musculatura pelo examinador ou por outras pessoas.<\/p>\n\n\n\n<p>Os encontros do grupo de fibromialgia de Indaial buscam ir al\u00e9m do diagn\u00f3stico e ajudam o grupo de dor cr\u00f4nica no tratamento &#8211; por meio de informa\u00e7\u00e3o, orienta\u00e7\u00e3o e terapias que permitam uma melhora significativa na qualidade de vida dos pacientes, realizada por uma equipe multidisciplinar.<\/p>\n\n\n<div class=\"wp-block-image is-style-rounded\">\n<figure class=\"aligncenter size-full is-resized\"><img loading=\"lazy\" decoding=\"async\" width=\"825\" height=\"576\" src=\"https:\/\/www.saudeindaial.sc.gov.br\/carta-servicos\/wp-content\/uploads\/2023\/12\/2000831201.png\" alt=\"\" class=\"wp-image-770\" style=\"width:593px;height:auto\" srcset=\"https:\/\/www.saudeindaial.sc.gov.br\/carta-servicos\/wp-content\/uploads\/2023\/12\/2000831201.png 825w, https:\/\/www.saudeindaial.sc.gov.br\/carta-servicos\/wp-content\/uploads\/2023\/12\/2000831201-300x209.png 300w, https:\/\/www.saudeindaial.sc.gov.br\/carta-servicos\/wp-content\/uploads\/2023\/12\/2000831201-768x536.png 768w, https:\/\/www.saudeindaial.sc.gov.br\/carta-servicos\/wp-content\/uploads\/2023\/12\/2000831201-210x147.png 210w\" sizes=\"auto, (max-width: 825px) 100vw, 825px\" \/><\/figure><\/div>\n\n\n<p>Ao participar do grupo de fibromialgia, as pacientes conversam e trocam experi\u00eancias, fazendo novas amizades e o controle da dor.<\/p>\n\n\n\n<p><\/p>\n\n\n\n<div class=\"wp-block-buttons is-content-justification-right is-layout-flex wp-container-core-buttons-is-layout-1 wp-block-buttons-is-layout-flex\">\n<div class=\"wp-block-button is-style-fill\"><a class=\"wp-block-button__link wp-element-button\" href=\"https:\/\/www.saudeindaial.sc.gov.br\/carta-servicos\/atencao-especializada\/\">voltar<\/a><\/div>\n<\/div>\n","protected":false},"excerpt":{"rendered":"<p>Respons\u00e1vel: Maria Edil\u00e9ia Ribeiro da Silva;Telefone: (47) 3281-7149 e (47) 3281-7127;Hor\u00e1rio de Atendimento: Conforme agendamento da Unidade de Sa\u00fade (SISREG) e programa\u00e7\u00e3o de encontros. Voc\u00ea Sabe o que \u00e9 Fibromialgia? A s\u00edndrome da fibromialgia (FM) \u00e9 uma s\u00edndrome cl\u00ednica que se manifesta com dor no corpo todo, principalmente na musculatura. Junto com a dor, a [&hellip;]<\/p>\n","protected":false},"author":2,"featured_media":0,"parent":0,"menu_order":0,"comment_status":"closed","ping_status":"closed","template":"","meta":{"footnotes":""},"class_list":["post-767","page","type-page","status-publish","hentry"],"_links":{"self":[{"href":"https:\/\/www.saudeindaial.sc.gov.br\/carta-servicos\/wp-json\/wp\/v2\/pages\/767","targetHints":{"allow":["GET"]}}],"collection":[{"href":"https:\/\/www.saudeindaial.sc.gov.br\/carta-servicos\/wp-json\/wp\/v2\/pages"}],"about":[{"href":"https:\/\/www.saudeindaial.sc.gov.br\/carta-servicos\/wp-json\/wp\/v2\/types\/page"}],"author":[{"embeddable":true,"href":"https:\/\/www.saudeindaial.sc.gov.br\/carta-servicos\/wp-json\/wp\/v2\/users\/2"}],"replies":[{"embeddable":true,"href":"https:\/\/www.saudeindaial.sc.gov.br\/carta-servicos\/wp-json\/wp\/v2\/comments?post=767"}],"version-history":[{"count":2,"href":"https:\/\/www.saudeindaial.sc.gov.br\/carta-servicos\/wp-json\/wp\/v2\/pages\/767\/revisions"}],"predecessor-version":[{"id":975,"href":"https:\/\/www.saudeindaial.sc.gov.br\/carta-servicos\/wp-json\/wp\/v2\/pages\/767\/revisions\/975"}],"wp:attachment":[{"href":"https:\/\/www.saudeindaial.sc.gov.br\/carta-servicos\/wp-json\/wp\/v2\/media?parent=767"}],"curies":[{"name":"wp","href":"https:\/\/api.w.org\/{rel}","templated":true}]}}